 the highest common factor of 1390656 and 54?
6
What is the greatest common factor of 539 and 1054900?
77
Calculate the greatest common divisor of 10746130 and 1340.
670
Calculate the greatest common factor of 4287942 and 2110.
422
What is the highest common factor of 14180 and 159124415?
3545
Calculate the highest common factor of 162719712 and 64.
32
Calculate the highest common divisor of 4032 and 3816288.
2016
What is the greatest common divisor of 48 and 335278480?
16
What is the highest common divisor of 1794639 and 1071?
357
What is the greatest common factor of 505411225 and 25?
25
Calculate the highest common divisor of 3120 and 429555.
15
Calculate the highest common divisor of 56128 and 1201024.
64
What is the highest common divisor of 21228 and 719825559?
5307
Calculate the greatest common divisor of 68599 and 77830.
181
What is the greatest common factor of 224 and 1206254?
14
What is the highest common factor of 216026069 and 2?
1
Calculate the highest common factor of 31 and 399631881.
31
What is the greatest common divisor of 7785219 and 117?
39
Calculate the highest common factor of 1110935 and 21.
7
What is the highest common divisor of 491298863 and 20438?
10219
What is the highest common divisor of 63723 and 4026?
33
Calculate the highest common factor of 37584250 and 3397.
79
Calculate the highest common divisor of 1080 and 672820.
20
What is the greatest common factor of 23284989 and 3276?
819
Calculate the highest common factor of 1430 and 15130.
10
Calculate the highest common divisor of 1629 and 53550117.
1629
What is the greatest common divisor of 684 and 70417572?
228
What is the greatest common factor of 634325 and 75?
25
What is the highest common factor of 29606 and 7797?
113
What is the greatest common factor of 556 and 593947?
139
Calculate the greatest common factor of 158 and 4876834478.
158
Calculate the highest common divisor of 18 and 226552134.
6
What is the greatest common divisor of 5828 and 16565284?
124
Calculate the greatest common divisor of 1240 and 11319340.
620
What is the greatest common factor of 699408 and 111888?
432
What is the highest common factor of 1027 and 24869?
13
What is the highest common divisor of 163636 and 4873?
11
Calculate the highest common factor of 408 and 20352009.
51
Calculate the highest common divisor of 1920 and 6499968.
384
What is the greatest common factor of 48195414 and 360?
18
Calculate the highest common divisor of 159393 and 46579338.
2613
What is the greatest common divisor of 764 and 141829724?
764
Calculate the highest common factor of 4655608 and 660104.
872
Calculate the highest common divisor of 352 and 11457424.
176
What is the highest common factor of 1266 and 1395554?
422
What is the greatest common divisor of 917216 and 960?
32
Calculate the highest common divisor of 228364 and 296.
148
Calculate the highest common divisor of 55503404 and 1133.
1133
Calculate the highest common divisor of 313014342 and 87.
87
Calculate the highest common factor of 10025 and 1445275.
25
What is the greatest common factor of 122180 and 1544236?
596
What is the highest common factor of 9071 and 1341157?
193
What is the greatest common factor of 360474 and 14673?
219
Calculate the greatest common factor of 3288 and 150837.
411
What is the greatest common factor of 7736 and 19508?
4
What is the greatest common factor of 19593772 and 2420?
484
Calculate the highest common factor of 272 and 66512.
16
What is the highest common divisor of 19054 and 246125962?
2722
Calculate the highest common divisor of 303 and 5398753.
101
Calculate the greatest common divisor of 20298996 and 328248.
3492
Calculate the greatest common factor of 1770222 and 6.
6
What is the highest common factor of 32977 and 34819001?
4711
What is the greatest common divisor of 7127318 and 6490?
1298
Calculate the greatest common divisor of 306 and 41250204.
18
Calculate the highest common factor of 11431361 and 428347.
2393
What is the greatest common factor of 30096478 and 2167?
197
What is the greatest common factor of 93872985 and 615?
615
Calculate the greatest common factor of 49585 and 33652.
47
What is the highest common factor of 43 and 3311774?
43
What is the highest common factor of 34945 and 469220?
145
What is the greatest common divisor of 4218292 and 322?
46
Calculate the highest common factor of 2424449280 and 120.
120
Calculate the greatest common factor of 7 and 21567871.
1
What is the greatest common factor of 10020024 and 5103?
567
What is the highest common divisor of 2074 and 569252?
122
Calculate the highest common factor of 1089745 and 3040.
95
Calculate the greatest common factor of 200 and 126716400.
200
What is the highest common divisor of 2119897 and 53700?
179
Calculate the greatest common factor of 17371 and 1499996.
29
What is the highest common divisor of 2341315 and 9983?
67
Calculate the highest common factor of 1344 and 388806012.
84
Calculate the highest common factor of 145 and 63138365.
145
What is the highest common factor of 20910 and 216726?
246
What is the highest common divisor of 228092 and 211?
1
What is the highest common divisor of 46 and 39920939?
23
What is the highest common factor of 59957901 and 152?
19
What is the greatest common factor of 96 and 29057868?
12
What is the highest common factor of 280 and 15928388?
28
What is the greatest common divisor of 23785986 and 5166?
1722
What is the greatest common divisor of 325488408 and 6216?
6216
Calculate the highest common divisor of 4000620 and 20700.
1380
Calculate the highest common divisor of 1404 and 2244323484.
1404
Calculate the highest common divisor of 40 and 79675830.
10
Calculate the highest common divisor of 1408 and 6085596.
44
What is the greatest common divisor of 1333 and 49577153?
31
What is the highest common factor of 2989 and 1215181?
61
What is the greatest common factor of 3 and 720522384?
3
Calculate the greatest common divisor of 721944 and 170748.
36
Calculate the greatest common divisor of 4585480 and 866520.
1160
Calculate the greatest common divisor of 91308 and 347424.
84
What is the highest common factor of 187944 and 2100618?
1146
What is the highest common divisor of 445260 and 4940?
20
Calculate the highest common factor of 17715 and 11041169.
1181
Calculate the greatest common divisor of 12364666 and 85930.
1322
Calculate the greatest common factor of 95104 and 310574.
1486
Calculate the greatest common divisor of 39377291 and 19.
19
What is the greatest common factor of 1388 and 28614661?
347
Calculate the highest common divisor of 876 and 63526644.
876
What is the highest common divisor of 192035487 and 4347?
483
What is the highest common factor of 868323 and 117849?
723
Calculate the greatest common factor of 30033 and 207675.
639
What is the highest common divisor of 752604 and 21948?
708
Calculate the highest common divisor of 13433240 and 145960.
1640
Calculate the highest common divisor of 13344730 and 35.
35
Calculate the highest common divisor of 117 and 25203165.
39
Calculate the highest common factor of 764938 and 92056.
74
What is the highest common divisor of 1260171 and 539?
11
Calculate the highest common factor of 5684 and 397194.
98
What is the highest common factor of 95 and 102463010?
95
What is the greatest common factor of 127875 and 895?
5
Calculate the highest common divisor of 392921 and 7395.
493
What is the greatest common factor of 276039446 and 258?
86
What is the highest common factor of 63 and 40596273?
9
What is the greatest common factor of 258132125 and 1055?
1055
Calculate the highest common factor of 10370637 and 63.
9
What is the greatest common factor of 54522 and 22266?
18
What is the highest common divisor of 63 and 40776039?
9
What is the greatest common divisor of 79184464 and 24?
8
Calculate the greatest common divisor of 11444623 and 9526.
433
What is the greatest common divisor of 1825790 and 2830?
10
Calculate the greatest common factor of 250144 and 59.
1
Calculate the highest common divisor of 878371 and 2873.
13
Calculate the highest common factor of 38142336 and 710.
142
Calculate the highest common factor of 572640 and 2592.
96
What is the highest common divisor of 42994 and 1147?
37
Calculate the greatest common factor of